{"id":55,"date":"2021-08-04T12:14:08","date_gmt":"2021-08-04T10:14:08","guid":{"rendered":"https:\/\/www.kin-mosel.de\/?page_id=55"},"modified":"2021-08-06T01:42:49","modified_gmt":"2021-08-05T23:42:49","slug":"fuer-professionell-pflegende","status":"publish","type":"page","link":"https:\/\/www.kin-mosel.de\/?page_id=55","title":{"rendered":"F\u00fcr professionell Pflegende"},"content":{"rendered":"\n<h5 class=\"wp-block-heading\">Basiskurse <em>Kinaesthetics in der Pflege<\/em><\/h5>\n\n\n\n<p>Durch die Auseinandersetzung mit ihrer eigenen Bewegung werden die Teilnehmer von Grund- &amp; Aufbaukursen mit Hilfe der sechs Kinaesthetics-Konzepte f\u00fcr ihre Bewegungswahrnehmung sensibilisiert.<br>An vier Kurstagen erfahren Sie wodurch und womit Bewegung funktioniert, Sie lernen deren Bestandteile und Muster zu erkennen und zu unterscheiden und schlie\u00dflich angepasst und individuell zu unterst\u00fctzen.<br>In Aufbaukursen r\u00fcckt zudem das Erkennen von Entwicklungsm\u00f6glichkeiten und das Auseinandersetzen mit verschiedensten Problemsituationen der Praxis in den Fokus, um hier einen Zugang zu individuellen und kreativen L\u00f6sungsans\u00e4tzen zu finden.<\/p>\n\n\n\n<h5 class=\"wp-block-heading\">Praxis- und Auffrischungstage<br>nach absolviertem Kinaesthetics-Basiskurs<\/h5>\n\n\n\n<p>Nach einem Kinaesthetics-Basiskurs gehen die Teilnehmer oft mit viel Motivation in ihre Praxis, ben\u00f6tigen aber vielleicht Unterst\u00fctzung dabei, das Erfahrene zu dosieren oder noch individueller an ihr jeweiliges Arbeitsumfeld anzupassen.<br>Nach einer gewissen Zeit kann es Ihnen helfen Auffrischungstage zu besuchen, um die Kursthemen f\u00fcr sich pr\u00e4sent zu halten.<\/p>\n\n\n\n<h5 class=\"wp-block-heading\">Workshops<br>zu aktuellen Pflegethemen<\/h5>\n\n\n\n<p>Pflegethemen aus Kinaesthetics-Sicht zu beleuchten und in Workshops zu erfahren, wie man diese mittels Lern- oder Entwicklungsparadigmen bearbeiten kann, erm\u00f6glicht den Teilnehmern eine intensive und erfahrungsbasierte Auseinandersetzung mit den Themen.<\/p>\n\n\n\n<h5 class=\"wp-block-heading\">Unterst\u00fctzung bei der Bearbeitung von Fachthemen&nbsp;<br>mit Hilfe von Kinaesthetics-Werkzeugen<\/h5>\n\n\n\n<p>Durch einen Perspektivenwechsel, der uns eine ver\u00e4nderte Herangehensweise an individuelle Bed\u00fcrfnisse &amp; Probleme (z.B. Sturz, Schmerz, Ver\u00e4nderungen der Mobilit\u00e4t) von Patienten, Bewohnern oder Klienten erm\u00f6glicht, bekommen wir Ideen, deren jeweilige Unterst\u00fctzung viabel zu gestalten, bzw. anzupassen.<\/p>\n\n\n\n<div class=\"wp-block-columns is-layout-flex wp-container-core-columns-is-layout-9d6595d7 wp-block-columns-is-layout-flex\">\n<div class=\"wp-block-column is-vertically-aligned-center is-layout-flow wp-block-column-is-layout-flow\" style=\"flex-basis:66.66%\">\n<p class=\"has-text-align-right\">Weitere Informationen zum Programm<br><em>Kinaesthetics in der Pflege<\/em>:<\/p>\n<\/div>\n\n\n\n<div class=\"wp-block-column is-layout-flow wp-block-column-is-layout-flow\" style=\"flex-basis:33.33%\">\n<figure class=\"wp-block-image size-large\"><a href=\"https:\/\/www.kinaesthetics.de\/kin_pflege.cfm?go_back=0\" target=\"_blank\" rel=\"noopener\"><img loading=\"lazy\" decoding=\"async\" width=\"1024\" height=\"373\" src=\"https:\/\/www.kin-mosel.de\/wp-content\/uploads\/2021\/08\/Logo-Pflege-1024x373.jpg\" alt=\"\" class=\"wp-image-98\" srcset=\"https:\/\/www.kin-mosel.de\/wp-content\/uploads\/2021\/08\/Logo-Pflege-1024x373.jpg 1024w, https:\/\/www.kin-mosel.de\/wp-content\/uploads\/2021\/08\/Logo-Pflege-300x109.jpg 300w, https:\/\/www.kin-mosel.de\/wp-content\/uploads\/2021\/08\/Logo-Pflege-768x280.jpg 768w, https:\/\/www.kin-mosel.de\/wp-content\/uploads\/2021\/08\/Logo-Pflege-1536x559.jpg 1536w, https:\/\/www.kin-mosel.de\/wp-content\/uploads\/2021\/08\/Logo-Pflege-2048x745.jpg 2048w, https:\/\/www.kin-mosel.de\/wp-content\/uploads\/2021\/08\/Logo-Pflege-1200x437.jpg 1200w, https:\/\/www.kin-mosel.de\/wp-content\/uploads\/2021\/08\/Logo-Pflege-1980x721.jpg 1980w\" sizes=\"auto, (max-width: 1024px) 100vw, 1024px\" \/><\/a><\/figure>\n<\/div>\n<\/div>\n\n\n\n<p><\/p>\n","protected":false},"excerpt":{"rendered":"<p>Basiskurse Kinaesthetics in der Pflege Durch die Auseinandersetzung mit ihrer eigenen Bewegung werden die Teilnehmer von Grund- &amp; Aufbaukursen mit Hilfe der sechs Kinaesthetics-Konzepte f\u00fcr ihre Bewegungswahrnehmung sensibilisiert.An vier Kurstagen erfahren Sie wodurch und womit &hellip;<\/p>\n","protected":false},"author":1,"featured_media":0,"parent":0,"menu_order":0,"comment_status":"closed","ping_status":"closed","template":"page-fullwidth.php","meta":{"footnotes":""},"class_list":["post-55","page","type-page","status-publish","hentry"],"_links":{"self":[{"href":"https:\/\/www.kin-mosel.de\/index.php?rest_route=\/wp\/v2\/pages\/55","targetHints":{"allow":["GET"]}}],"collection":[{"href":"https:\/\/www.kin-mosel.de\/index.php?rest_route=\/wp\/v2\/pages"}],"about":[{"href":"https:\/\/www.kin-mosel.de\/index.php?rest_route=\/wp\/v2\/types\/page"}],"author":[{"embeddable":true,"href":"https:\/\/www.kin-mosel.de\/index.php?rest_route=\/wp\/v2\/users\/1"}],"replies":[{"embeddable":true,"href":"https:\/\/www.kin-mosel.de\/index.php?rest_route=%2Fwp%2Fv2%2Fcomments&post=55"}],"version-history":[{"count":7,"href":"https:\/\/www.kin-mosel.de\/index.php?rest_route=\/wp\/v2\/pages\/55\/revisions"}],"predecessor-version":[{"id":160,"href":"https:\/\/www.kin-mosel.de\/index.php?rest_route=\/wp\/v2\/pages\/55\/revisions\/160"}],"wp:attachment":[{"href":"https:\/\/www.kin-mosel.de\/index.php?rest_route=%2Fwp%2Fv2%2Fmedia&parent=55"}],"curies":[{"name":"wp","href":"https:\/\/api.w.org\/{rel}","templated":true}]}}